he hundreds digit of q?
1
Let q = -13 + 22. Suppose 4*t = 3*m - 79, 5*m + 4*t + 23 - 112 = 0. Let x = m - q. What is the tens digit of x?
1
Suppose -3*g + 4 = -2. Suppose -5*z + g = -3. Let t = 17 + z. What is the units digit of t?
8
Let r(c) = -8*c - c**3 - 5*c + 5*c + 13*c**2 + 4 + 0*c**3. What is the tens digit of r(12)?
5
Let v = -20 - -23. Suppose 3*f - 84 = -v*t, 3*f - 2*t - 119 = 2*t. What is the units digit of f?
3
What is the hundreds digit of (-38)/361 - (-3 + (-73876)/38)?
9
What is the units digit of (-633)/2*4*8/(-24)?
2
What is the tens digit of (260/(-12) + 2)/((-2)/186)?
2
Suppose -m - m + c = -9, 0 = 4*m - 4*c - 28. Let b be ((-2)/5)/((-2)/52)*5. Suppose b = m*u + 18. What is the tens digit of u?
1
Suppose 4*l - 180 = -0*l + 2*j, -5*j - 54 = -l. Suppose -2*h = -60 - l. Let x = 79 - h. What is the tens digit of x?
2
Suppose 3*f = -5*p + 4870, -p - 17*f = -14*f - 986. What is the hundreds digit of p?
9
Suppose -3*s - 542 = -3*c + 799, -2*c - 4*s + 900 = 0. What is the tens digit of c?
4
Let m = 4408 - 2427. What is the units digit of m?
1
Suppose -77*b + 73*b + 2116 = 0. What is the hundreds digit of b?
5
Suppose 2*p = 246 - 90. Let n = -28 + p. What is the units digit of n?
0
Suppose 0 = -2*i + 2*x + 1798, -4*i + 8*x + 3601 = 5*x. What is the tens digit of i?
0
Let v = -5432 - -9090. What is the hundreds digit of v?
6
Let o(p) = -p**2 + 14*p + 34. Let c be o(15). Suppose 13 - 32 = -c*r. What is the units digit of r?
1
Let r = 41 - -719. Suppose 333 = 2*d - 3*m - 2*m, -2*m = 5*d - r. What is the units digit of d?
4
Let k(x) = -6*x + 1144. What is the tens digit of k(-18)?
5
Let h be (-94)/14 - 2/7. Let c = h - -8. What is the tens digit of 2394/70 - c/5?
3
Suppose -21*n - 94 = -23*n. Suppose -5*m + n = -4*m. What is the tens digit of m?
4
Let h(n) = 20*n**3 - n**2 + 3*n - 2. Let v be h(1). What is the tens digit of (-4)/v - 655/(-25)?
2
Suppose -5*m = 10 + 5. Let q be 5 + 1 + m + 127. Suppose q = -17*w + 22*w. What is the units digit of w?
6
What is the tens digit of (9/(-6))/((-21)/11942)?
5
Suppose 58 = 4*b - 134. Let u = b - 7. What is the units digit of u?
1
Let s be 9/((4 - 2)/2). Let v(k) = 109*k**3 + 2*k**2 - 1. Let u be v(1). Suppose -4*r - u = -s*r. What is the tens digit of r?
2
Suppose -21*t + 12306 = -7*t. What is the units digit of t?
9
Suppose 0 = 2*h + 73 - 1021. Suppose h + 270 = 12*r. What is the units digit of r?
2
Let f = -15 + 18. Suppose 2*j = f*z + 95, 3*z = z + 2. What is the units digit of j?
9
Suppose -9 = -2*n + 3*i, 8*n = 4*n + 5*i + 17. Let r be 2*n*4/6. Suppose r*d - 160 = -0*d. What is the tens digit of d?
4
Let r = -28 - 16. Let o be (-1 + -12)*(-11 + 12). Let t = o - r. What is the units digit of t?
1
Let v be -3 - (-47 + -4 + -4). Let t = v + -27. What is the units digit of t?
5
Suppose -u + 6083 = 2*d, 3*d - 9142 = -0*d - 5*u. What is the units digit of d?
9
Suppose 83*i + 123494 = 294225. What is the tens digit of i?
5
Suppose 5*j - 25 = 5*c, 2*c - 15 = 4*c - 3*j. Suppose 0*p + 4*p - 72 = c. Suppose -x - 27 = -k, -k + 2*k + 2*x - p = 0. What is the tens digit of k?
2
Suppose 0 = 5*s - 5*j - 1040, -5*s + 0*j + 2*j = -1055. Suppose -v - v = 4*d - 782, d + 4*v - s = 0. What is the units digit of d?
3
Let n(q) = 22*q + 11*q + 4 + 78*q + 2. What is the hundreds digit of n(1)?
1
Let y be 23/5 + (10/25)/1. What is the tens digit of 1/4 + y/80*1004?
6
What is the tens digit of (-3)/((-3)/138*4/6)?
0
Let g be 2/2*(-2)/(-2). What is the units digit of (g*4)/((-7)/21)*-2?
4
Let n(g) = 2*g**3 + 4*g**2 - 11*g + 6. What is the units digit of n(6)?
6
Let k(q) = -27*q + 8. Let d be k(-6). Suppose 2*l - d = 42. Suppose 2*j - 4*b = 6*j - 124, -2*b = -4*j + l. What is the tens digit of j?
2
Let y(g) = 14*g**2 - 27*g + 1. What is the hundreds digit of y(8)?
6
Suppose 0 = 11*m - 539 - 4928. What is the hundreds digit of m?
4
Let x(k) = 2095*k**2 + 39*k - 40. What is the units digit of x(1)?
4
Let t(q) = -6*q + 5 + 4*q**2 + 9*q - 5*q**2. Let h be t(7). Let g = 1 - h. What is the tens digit of g?
2
Suppose 6 - 9 = -z. Suppose 14 = z*o + 2. Suppose -7*t + 96 = -o*t. What is the tens digit of t?
3
Let h(u) be the second derivative of 5*u**3/3 - 53*u**2/2 - 46*u. What is the tens digit of h(23)?
7
Let z(b) = 5*b**3 - b**2. Let w be z(1). Suppose w*n - a = -2*a + 191, 3*n - 4*a = 148. What is the tens digit of n?
4
What is the units digit of (-3)/(-30) + (33959/10 - 7)?
9
Let p(l) = -l**3 + 4*l**2 + 8*l. Let v be p(5). What is the hundreds digit of (v/20 + (-462)/40)*-10?
1
Suppose n - 1757 = 447. What is the units digit of n?
4
Let x(t) = -412*t**3 + 6*t**2 + 11*t + 3. What is the tens digit of x(-2)?
0
Let r = -17 - -14. Let i be 15/(-5) + r/(-1). Suppose i = u - 4*u + 57. What is the units digit of u?
9
Let w = 200 + -139. Suppose v + 17 + 18 = 0. Let y = v + w. What is the tens digit of y?
2
Let i = 247 - -699. What is the hundreds digit of i?
9
Suppose -2*m - 4*q + 3*q = -11, 2*m = 4*q - 14. Let s(l) = l**3 - l**2 + 4*l - 1. What is the tens digit of s(m)?
2
Let k(v) = -2*v + 36. Let y be k(16). Let a be (-676)/(-14) - 12/42. Suppose u + a = y*u. What is the tens digit of u?
1
Let l(p) be the second derivative of -p**3/6 + 36*p**2 - 19*p. What is the tens digit of l(-6)?
7
Let w(f) = f**3 + 6*f**2 - 17. What is the units digit of w(5)?
8
Suppose -4*z - 3*w = -2 + 6, 2*z - 5*w = -2. What is the tens digit of 24/(-10)*z*15?
3
Suppose 5*r + 8 = 268. Suppose 4*q + 5*k = 178, -2*k + r = q + 3*k. What is the tens digit of q?
4
Suppose -6*w - 98 + 2 = 0. Let n be ((-18)/8)/(4/w). Suppose 5*g - 99 = -n. What is the tens digit of g?
1
Let h = 561 + 370. What is the hundreds digit of h?
9
What is the units digit of 218/((-4 + -3)/(-7))?
8
Suppose -100 = 9*z - 649. Let r = 84 + -43. Let f = z - r. What is the tens digit of f?
2
What is the thousands digit of (1203 - -2) + 0/(-3)?
1
Suppose -28*n = -3*x - 24*n + 1025, -5*x + 2*n = -1727. What is the units digit of x?
7
Suppose 16 + 12 = 4*n. Suppose n*g - 236 = 121. What is the units digit of g?
1
Suppose 4156 = 174*f - 170*f. What is the thousands digit of f?
1
Let d(m) = -4*m + 2 + 8*m - 3*m. Let n be d(-8). Let r = 24 + n. What is the units digit of r?
8
Let p(r) = -r + 5. Let v be p(5). Suppose -4*d - 4*h - 5 + 1 = v, 2*h = -5*d + 7. Suppose 2*o - 14 = -2*s, 4*s = -d*o - 0*o + 29. What is the units digit of s?
8
Let o = 373 + -263. Let d = o + -52. What is the tens digit of d?
5
Let c be -3 - (6/3 - 9). Suppose -i + a = c*a, -2*a = -4*i + 14. What is the units digit of (i - 1)/(1/5)?
0
Suppose 21*s + 3710 = 26*s. What is the tens digit of s?
4
Let v(n) = n**3 - 11*n + 8*n - 5 - 3*n - 2*n - 7*n**2. What is the tens digit of v(9)?
8
What is the units digit of 7 - (-6558)/4*(-92)/(-69)?
3
Suppose a = -29 + 31. Suppose 4*n + 4*z = 0, 0*n + a*n + 4*z + 2 = 0. What is the units digit of n?
1
Let g(j) = 15*j - 69. What is the tens digit of g(23)?
7
What is the tens digit of (-3 - -4) + 0/(-1) + 116?
1
Let g(y) be the first derivative of -9*y**2/2 - 12*y + 7. What is the units digit of g(-3)?
5
Let f(i) = 4*i - 1. Let d be f(1). Suppose 7*z + 5*m = 3*z + 37, z + d*m = 11. What is the units digit of z?
8
Suppose 3*h - 30 = 4*g - 299, -3*g + 209 = 5*h. Suppose -g - 238 = -3*z. Suppose z = -2*q + 5*q. What is the tens digit of q?
3
Suppose -5*j - 2*u = -4961, 5*j + 4*u = 8*j - 2961. What is the hundreds digit of j?
9
What is the units digit of 49377/27 + 4 + 34/(-9)?
9
Let a = -15 + 21. Let m = a + 8. What is the tens digit of m?
1
Let h(a) = -a**3 + 21*a**2 - a - 91. What is the thousands digit of h(-11)?
3
Suppose -162*o - 13310 = -167*o. What is the units digit of o?
2
Suppose -39 = -7*a + 3741. Suppose 3*y + 3*y = a. Suppose c - 73 = -3*c - 3*h, -5*c - 4*h + y = 0. What is the tens digit of c?
2
Let t(f) = -f**3 - 18*f**2 - 6*f + 2. Let v be t(-17). Let g = v - -292. What is the hundreds digit of g?
1
Let c(m) = 5*m + 15. Let b be c(-2). What is the units digit of 2/10 + b/((-75)/(-2952))?
7
Suppose 9*d + 1344 = 25*d. What is the tens digit of d?
8
Let i(k) = -2*k**3 + 7*k**2 - 24*k + 21. Let o be i(6). Let t = -155 - o. What is the units digit of t?
8
Let n = 78 - 74. Suppose -6*t - n*u + 608 = -3*t, -t + 224 = -4*u. What is the units digit of t?
8
Let w = 676 + 1049. What i